{"id":369,"date":"2023-08-07T08:14:08","date_gmt":"2023-08-07T06:14:08","guid":{"rendered":"https:\/\/aloumim.com\/?page_id=369"},"modified":"2025-12-09T16:49:21","modified_gmt":"2025-12-09T15:49:21","slug":"qui-sommes-nous","status":"publish","type":"page","link":"https:\/\/aloumim.com\/index.php\/qui-sommes-nous\/","title":{"rendered":"Qui sommes nous ?"},"content":{"rendered":"<p>[et_pb_section fb_built=\u00a0\u00bb1&Prime; admin_label=\u00a0\u00bbHeader\u00a0\u00bb _builder_version=\u00a0\u00bb4.21.0&Prime; _module_preset=\u00a0\u00bbdefault\u00a0\u00bb background_enable_color=\u00a0\u00bboff\u00a0\u00bb background_image=\u00a0\u00bbhttp:\/\/aloumim.com\/wp-content\/uploads\/2023\/07\/MacBook-Pro-14_-11-4.png\u00a0\u00bb custom_margin=\u00a0\u00bb||0px||false|false\u00a0\u00bb custom_padding=\u00a0\u00bb||0px|||\u00a0\u00bb collapsed=\u00a0\u00bbon\u00a0\u00bb global_colors_info=\u00a0\u00bb{%22gcid-e787f6e4-87be-4325-83ae-4380ef468485%22:%91%22background_color%22%93}\u00a0\u00bb][et_pb_row column_structure=\u00a0\u00bb3_5,2_5&Prime; _builder_version=\u00a0\u00bb4.21.0&Prime; _module_preset=\u00a0\u00bbdefault\u00a0\u00bb custom_margin=\u00a0\u00bb||0px||false|false\u00a0\u00bb custom_padding=\u00a0\u00bb||2px|||\u00a0\u00bb global_colors_info=\u00a0\u00bb{}\u00a0\u00bb][et_pb_column type=\u00a0\u00bb3_5&Prime; _builder_version=\u00a0\u00bb4.21.0&Prime; _module_preset=\u00a0\u00bbdefault\u00a0\u00bb global_colors_info=\u00a0\u00bb{}\u00a0\u00bb][et_pb_text _builder_version=\u00a0\u00bb4.21.0&Prime; _module_preset=\u00a0\u00bb5199d43a-d103-4f37-97d5-3ffea292cdde\u00a0\u00bb text_font=\u00a0\u00bbPoppins||||||||\u00a0\u00bb header_font=\u00a0\u00bbPoppins|500||on|||||\u00a0\u00bb header_text_color=\u00a0\u00bbgcid-4735d85d-c1c9-4aee-aafe-bde371857da9&Prime; custom_margin=\u00a0\u00bb||-5px|||\u00a0\u00bb locked=\u00a0\u00bboff\u00a0\u00bb global_colors_info=\u00a0\u00bb{%22gcid-4735d85d-c1c9-4aee-aafe-bde371857da9%22:%91%22header_text_color%22%93}\u00a0\u00bb]<\/p>\n<h1><strong>\u00c0 PROPOS DE NOUS<\/strong><\/h1>\n<p>[\/et_pb_text][et_pb_text _builder_version=\u00a0\u00bb4.21.0&Prime; _module_preset=\u00a0\u00bb456af787-5364-42c7-b9e0-80f1903b78d0&Prime; locked=\u00a0\u00bboff\u00a0\u00bb global_colors_info=\u00a0\u00bb{}\u00a0\u00bb]<\/p>\n<p><span dir=\"LTR\">Cr\u00e9\u00e9e en 1993 par <strong>Rivka Avihail<\/strong>, l&rsquo;association Aloumim regroupe en Isra\u00ebl les enfants cach\u00e9s en France pendant la Shoah. <strong>La grande majorit\u00e9 d&rsquo;entre eux ont perdu leurs parents, assassin\u00e9s dans les camps de la mort nazis. <\/strong>D&rsquo;apr\u00e8s les statuts de l&rsquo;Association, les Enfants cach\u00e9s sont des personnes n\u00e9es entre 1924 et juillet 1944.<\/span><\/p>\n<p><span dir=\"LTR\">Le mot \u00ab\u00a0Aloumim\u00a0\u00bb en h\u00e9breu signifie \u00ab\u00a0Cach\u00e9s\u00a0\u00bb mais \u00e9galement \u00ab\u00a0Jeunes\u00a0\u00bb en signe de renaissance et d&rsquo;avenir. Cette Association est n\u00e9e du besoin de ne pas oublier notre pass\u00e9 et de le faire perdurer. \u00a0L&rsquo;association compte aujourd&rsquo;hui pr\u00e8s de 1000 membres r\u00e9partis dans tout le pays.<\/span><\/p>\n<p>[\/et_pb_text][\/et_pb_column][et_pb_column type=\u00a0\u00bb2_5&Prime; _builder_version=\u00a0\u00bb4.21.0&Prime; _module_preset=\u00a0\u00bbdefault\u00a0\u00bb global_colors_info=\u00a0\u00bb{}\u00a0\u00bb][et_pb_image src=\u00a0\u00bbhttp:\/\/aloumim.com\/wp-content\/uploads\/2023\/08\/watercolor-mask-03-600px.png\u00a0\u00bb title_text=\u00a0\u00bbwatercolor-mask-03-600px\u00a0\u00bb _builder_version=\u00a0\u00bb4.21.0&Prime; _module_preset=\u00a0\u00bbdefault\u00a0\u00bb background_image=\u00a0\u00bbhttp:\/\/aloumim.com\/wp-content\/uploads\/2023\/08\/Capture-decran-2023-08-07-a-07.31.23.png\u00a0\u00bb min_height=\u00a0\u00bb467.1px\u00a0\u00bb global_colors_info=\u00a0\u00bb{}\u00a0\u00bb][\/et_pb_image][\/et_pb_column][\/et_pb_row][\/et_pb_section][et_pb_section fb_built=\u00a0\u00bb1&Prime; admin_label=\u00a0\u00bbFeature\u00a0\u00bb _builder_version=\u00a0\u00bb4.21.0&Prime; _module_preset=\u00a0\u00bbdefault\u00a0\u00bb background_enable_color=\u00a0\u00bboff\u00a0\u00bb locked=\u00a0\u00bboff\u00a0\u00bb collapsed=\u00a0\u00bbon\u00a0\u00bb global_colors_info=\u00a0\u00bb{}\u00a0\u00bb][et_pb_row _builder_version=\u00a0\u00bb4.21.0&Prime; _module_preset=\u00a0\u00bbdefault\u00a0\u00bb global_colors_info=\u00a0\u00bb{}\u00a0\u00bb][et_pb_column type=\u00a0\u00bb4_4&Prime; _builder_version=\u00a0\u00bb4.21.0&Prime; _module_preset=\u00a0\u00bbdefault\u00a0\u00bb global_colors_info=\u00a0\u00bb{}\u00a0\u00bb][et_pb_text _builder_version=\u00a0\u00bb4.21.0&Prime; _module_preset=\u00a0\u00bbdefault\u00a0\u00bb header_font=\u00a0\u00bbPoppins||||||||\u00a0\u00bb header_font_size=\u00a0\u00bb49px\u00a0\u00bb module_alignment=\u00a0\u00bbcenter\u00a0\u00bb global_colors_info=\u00a0\u00bb{}\u00a0\u00bb]<\/p>\n<h1 style=\"text-align: center;\"><strong><span dir=\"LTR\">NOS BUTS ?<\/span><\/strong><\/h1>\n<p>[\/et_pb_text][\/et_pb_column][\/et_pb_row][et_pb_row column_structure=\u00a0\u00bb1_2,1_2&Prime; _builder_version=\u00a0\u00bb4.21.0&Prime; _module_preset=\u00a0\u00bbdefault\u00a0\u00bb global_colors_info=\u00a0\u00bb{}\u00a0\u00bb][et_pb_column type=\u00a0\u00bb1_2&Prime; _builder_version=\u00a0\u00bb4.21.0&Prime; _module_preset=\u00a0\u00bbdefault\u00a0\u00bb global_colors_info=\u00a0\u00bb{}\u00a0\u00bb][et_pb_image src=\u00a0\u00bbhttp:\/\/aloumim.com\/wp-content\/uploads\/2023\/08\/Capture-decran-2023-08-07-a-00.11.37.png\u00a0\u00bb title_text=\u00a0\u00bbCapture-decran-2023-08-07-a-00.11.37&Prime; _builder_version=\u00a0\u00bb4.21.0&Prime; _module_preset=\u00a0\u00bbdefault\u00a0\u00bb global_colors_info=\u00a0\u00bb{}\u00a0\u00bb][\/et_pb_image][et_pb_image src=\u00a0\u00bbhttp:\/\/aloumim.com\/wp-content\/uploads\/2023\/08\/Capture-decran-2023-08-07-a-07.07.15.png\u00a0\u00bb title_text=\u00a0\u00bbCapture-decran-2023-08-07-a-07.07.15&Prime; align=\u00a0\u00bbright\u00a0\u00bb _builder_version=\u00a0\u00bb4.21.0&Prime; _module_preset=\u00a0\u00bbdefault\u00a0\u00bb width=\u00a0\u00bb50%\u00a0\u00bb custom_margin=\u00a0\u00bb-30%|30px|||false|false\u00a0\u00bb global_colors_info=\u00a0\u00bb{}\u00a0\u00bb][\/et_pb_image][\/et_pb_column][et_pb_column type=\u00a0\u00bb1_2&Prime; _builder_version=\u00a0\u00bb4.21.0&Prime; _module_preset=\u00a0\u00bbdefault\u00a0\u00bb global_colors_info=\u00a0\u00bb{}\u00a0\u00bb][et_pb_text _builder_version=\u00a0\u00bb4.21.0&Prime; _module_preset=\u00a0\u00bbacf2df42-e01f-4803-b3db-f4d075dec104&Prime; text_font=\u00a0\u00bbPoppins||||||||\u00a0\u00bb text_text_color=\u00a0\u00bbgcid-4735d85d-c1c9-4aee-aafe-bde371857da9&Prime; text_font_size=\u00a0\u00bb31px\u00a0\u00bb header_font=\u00a0\u00bbPoppins|500||on|||||\u00a0\u00bb header_text_color=\u00a0\u00bbgcid-4735d85d-c1c9-4aee-aafe-bde371857da9&Prime; header_font_size=\u00a0\u00bb72px\u00a0\u00bb header_line_height=\u00a0\u00bb1.2em\u00a0\u00bb header_font_size_tablet=\u00a0\u00bb72px\u00a0\u00bb header_font_size_phone=\u00a0\u00bb72px\u00a0\u00bb header_font_size_last_edited=\u00a0\u00bbon|phone\u00a0\u00bb locked=\u00a0\u00bboff\u00a0\u00bb global_colors_info=\u00a0\u00bb{%22gcid-4a53c4f2-10a4-4df5-aae5-66892dee9e02%22:%91%22header_2_text_color%22,%22header_2_text_color%22%93,%22gcid-4735d85d-c1c9-4aee-aafe-bde371857da9%22:%91%22header_text_color%22,%22text_text_color%22%93}\u00a0\u00bb]<\/p>\n<p><strong><span dir=\"LTR\">Le travail de m\u00e9moire<\/span><\/strong><\/p>\n<p>[\/et_pb_text][et_pb_text _builder_version=\u00a0\u00bb4.21.0&Prime; _module_preset=\u00a0\u00bb456af787-5364-42c7-b9e0-80f1903b78d0&Prime; locked=\u00a0\u00bboff\u00a0\u00bb global_colors_info=\u00a0\u00bb{}\u00a0\u00bb]<\/p>\n<ul>\n<li><span style=\"color: #576299;\"><em><strong>La revue \u00ab M\u00e9moire Vive \u00bb<\/strong><\/em><\/span><span>\u00a0<\/span>o\u00f9 sont publi\u00e9s des r\u00e9cits autobiographiques, des avis de recherche, des articles de fond, concernant l&rsquo;histoire de la Shoah en France et en Afrique du Nord, notamment des t\u00e9moignages des membres d&rsquo;Aloumim. Ce bulletin est bilingue (franco-h\u00e9breu), de fa\u00e7on \u00e0 pouvoir atteindre les jeunes g\u00e9n\u00e9rations.<\/li>\n<li><span style=\"color: #666699;\"><strong><em>Des groupes de parole<\/em><\/strong><\/span> se r\u00e9unissent r\u00e9guli\u00e8rement dans diff\u00e9rentes villes d\u2019Isra\u00ebl. Ouverts \u00e0 tous ( enfants cach\u00e9s et g\u00e9n\u00e9rations suivantes), ils permettent \u00e0 chacun, en toute confiance, de parler de ses souvenirs et de ses ressentis face aux \u00e9v\u00e9nements actuels.<\/li>\n<li>\u00a0Aloumim <span style=\"color: #666699;\"><em><strong>organise des \u00ab Zikaron BaSalon \u00bb en fran\u00e7ais<\/strong><\/em> <\/span>dans diff\u00e9rentes villes d\u2019Isra\u00ebl. Il s\u2019agit de rencontres entre des enfants cach\u00e9s et du public.<\/li>\n<\/ul>\n<p>[\/et_pb_text][\/et_pb_column][\/et_pb_row][et_pb_row _builder_version=\u00a0\u00bb4.21.0&Prime; _module_preset=\u00a0\u00bbdefault\u00a0\u00bb global_colors_info=\u00a0\u00bb{}\u00a0\u00bb][et_pb_column type=\u00a0\u00bb4_4&Prime; _builder_version=\u00a0\u00bb4.21.0&Prime; _module_preset=\u00a0\u00bbdefault\u00a0\u00bb global_colors_info=\u00a0\u00bb{}\u00a0\u00bb][et_pb_text _builder_version=\u00a0\u00bb4.21.0&Prime; _module_preset=\u00a0\u00bb456af787-5364-42c7-b9e0-80f1903b78d0&Prime; locked=\u00a0\u00bboff\u00a0\u00bb global_colors_info=\u00a0\u00bb{}\u00a0\u00bb]<\/p>\n<ul>\n<li><span style=\"color: #576299;\"><strong><em>C\u00e9r\u00e9monies du Souvenir<\/em>\u00a0\u00e0 Roglit<\/strong><\/span>, devant le Mur des d\u00e9port\u00e9s de France, le jour de la Shoah, avec nos enfants et petits-enfants et des \u00e9l\u00e8ves des \u00e9coles, en fran\u00e7ais et en h\u00e9breu.<\/li>\n<li><span style=\"color: #576299;\"><em><strong>Le\u00a0Projet Educatif :<\/strong><\/em>\u00a0<\/span>faire conna\u00eetre dans les \u00e9tablissements scolaires isra\u00e9liens le sort des Juifs en France et en Afrique du Nord pendant la Shoah. Les \u00e9l\u00e8ves font un travail de recherche et participent \u00e0 un concours annuel. Plusieurs prix, d\u00e9cern\u00e9s en commun par Aloumim et Yad Vashem<strong>,<\/strong><span>\u00a0<\/span>sont financ\u00e9s gr\u00e2ce au soutien de la<span>\u00a0<\/span><strong>Fondation pour la M\u00e9moire de la Shoah<\/strong><span>\u00a0<\/span>en France et r\u00e9compensent ces travaux de recherches et expositions scolaires.<\/li>\n<li>Les membres de l&rsquo;association s&rsquo;efforcent de retrouver et honorer<em><span>\u00a0<\/span>les Justes parmi les Nations<\/em><span>\u00a0<\/span>qui les ont cach\u00e9s et sauv\u00e9s.<\/li>\n<li>Aloumim organise \u00e9galement des conf\u00e9rences et des activit\u00e9s culturelles ouvertes au grand public.<\/li>\n<\/ul>\n<p>[\/et_pb_text][\/et_pb_column][\/et_pb_row][et_pb_row column_structure=\u00a0\u00bb1_2,1_2&Prime; _builder_version=\u00a0\u00bb4.21.0&Prime; _module_preset=\u00a0\u00bbdefault\u00a0\u00bb global_colors_info=\u00a0\u00bb{}\u00a0\u00bb][et_pb_column type=\u00a0\u00bb1_2&Prime; _builder_version=\u00a0\u00bb4.21.0&Prime; _module_preset=\u00a0\u00bbdefault\u00a0\u00bb global_colors_info=\u00a0\u00bb{}\u00a0\u00bb][et_pb_text _builder_version=\u00a0\u00bb4.21.0&Prime; _module_preset=\u00a0\u00bbacf2df42-e01f-4803-b3db-f4d075dec104&Prime; text_font=\u00a0\u00bbPoppins||||||||\u00a0\u00bb text_text_color=\u00a0\u00bbgcid-4735d85d-c1c9-4aee-aafe-bde371857da9&Prime; text_font_size=\u00a0\u00bb31px\u00a0\u00bb header_font=\u00a0\u00bbPoppins|500||on|||||\u00a0\u00bb header_text_color=\u00a0\u00bbgcid-4735d85d-c1c9-4aee-aafe-bde371857da9&Prime; header_font_size=\u00a0\u00bb72px\u00a0\u00bb header_line_height=\u00a0\u00bb1.2em\u00a0\u00bb header_font_size_tablet=\u00a0\u00bb72px\u00a0\u00bb header_font_size_phone=\u00a0\u00bb72px\u00a0\u00bb header_font_size_last_edited=\u00a0\u00bbon|phone\u00a0\u00bb locked=\u00a0\u00bboff\u00a0\u00bb global_colors_info=\u00a0\u00bb{%22gcid-4a53c4f2-10a4-4df5-aae5-66892dee9e02%22:%91%22header_2_text_color%22,%22header_2_text_color%22%93,%22gcid-4735d85d-c1c9-4aee-aafe-bde371857da9%22:%91%22header_text_color%22,%22text_text_color%22%93}\u00a0\u00bb]<\/p>\n<p><strong><span dir=\"LTR\">L\u2019aide et l\u2019entraide<\/span><\/strong><\/p>\n<p>[\/et_pb_text][et_pb_text _builder_version=\u00a0\u00bb4.21.0&Prime; _module_preset=\u00a0\u00bb456af787-5364-42c7-b9e0-80f1903b78d0&Prime; custom_padding=\u00a0\u00bb||0px|||\u00a0\u00bb locked=\u00a0\u00bboff\u00a0\u00bb global_colors_info=\u00a0\u00bb{}\u00a0\u00bb]<\/p>\n<ul>\n<li><span style=\"color: #576299;\"><strong><em>Soutien psychologique\u00a0<\/em>:<\/strong><\/span> organisation de groupes de parole o\u00f9 chacun peut s\u2019exprimer dans un \u00e9change avec d\u2019autres membres du groupe. Les membres d\u2019Aloumim peuvent b\u00e9n\u00e9ficier d\u2019un traitement psychologique et psychiatrique des professionnels de \u00ab AMCHA \u00bb, centre de soins sp\u00e9cialis\u00e9 dans le soutien psychologique des r\u00e9scap\u00e9s de la Shoah et de leurs descendants.<\/li>\n<\/ul>\n<ul>\n<li><span style=\"color: #576299;\"><strong><em>Aide administrative<\/em>\u00a0:<\/strong> <\/span>Aloumim guide et aide dans leurs d\u00e9marches les personnes ayant droit \u00e0 des r\u00e9parations de la Claims Conf\u00e9rence ou des gouvernements Isra\u00e9lien et\/ou fran\u00e7ais. L&rsquo;association peut aussi aider ceux qui d\u00e9sirent faire des<span style=\"font-size: 16px;\">\u00a0<\/span><em style=\"font-size: 16px;\">recherches<\/em><span style=\"font-size: 16px;\">\u00a0<\/span><span style=\"font-size: 16px;\">sur le sort de leurs proches pendant la Shoah (archives, g\u00e9n\u00e9alogie\u2026).<\/span><\/li>\n<\/ul>\n<ul>\n<li><span style=\"color: #576299;\"><strong>Une\u00a0<em>commission M\u00e9dico-Sociale\u00a0<\/em><\/strong><\/span>r\u00e9pond aux besoins des membres de l\u2019association, gr\u00e2ce \u00e0 la subvention de la Fondation pour la M\u00e9moire de la Shoah, en fonction de <a href=\"https:\/\/aloumim.com\/index.php\/aide-medicaux-sociale\/reglement-ams\/\">crit\u00e8res bien \u00e9tablis.<\/a><\/li>\n<\/ul>\n<p>[\/et_pb_text][\/et_pb_column][et_pb_column type=\u00a0\u00bb1_2&Prime; _builder_version=\u00a0\u00bb4.21.0&Prime; _module_preset=\u00a0\u00bbdefault\u00a0\u00bb global_colors_info=\u00a0\u00bb{}\u00a0\u00bb][et_pb_image src=\u00a0\u00bbhttp:\/\/aloumim.com\/wp-content\/uploads\/2023\/07\/kenny-eliason-1-aA2Fadydc-unsplash-2-1.png\u00a0\u00bb title_text=\u00a0\u00bbkenny-eliason-1-aA2Fadydc-unsplash 2 (1)\u00a0\u00bb _builder_version=\u00a0\u00bb4.21.0&Prime; _module_preset=\u00a0\u00bbdefault\u00a0\u00bb global_colors_info=\u00a0\u00bb{}\u00a0\u00bb][\/et_pb_image][et_pb_image src=\u00a0\u00bbhttp:\/\/aloumim.com\/wp-content\/uploads\/2023\/07\/Group-25.png\u00a0\u00bb title_text=\u00a0\u00bbGroup 25&Prime; align=\u00a0\u00bbright\u00a0\u00bb _builder_version=\u00a0\u00bb4.21.0&Prime; _module_preset=\u00a0\u00bbdefault\u00a0\u00bb width=\u00a0\u00bb50%\u00a0\u00bb custom_margin=\u00a0\u00bb-30%|30px|||false|false\u00a0\u00bb global_colors_info=\u00a0\u00bb{}\u00a0\u00bb][\/et_pb_image][\/et_pb_column][\/et_pb_row][et_pb_row _builder_version=\u00a0\u00bb4.21.0&Prime; _module_preset=\u00a0\u00bbdefault\u00a0\u00bb global_colors_info=\u00a0\u00bb{}\u00a0\u00bb][et_pb_column type=\u00a0\u00bb4_4&Prime; _builder_version=\u00a0\u00bb4.21.0&Prime; _module_preset=\u00a0\u00bbdefault\u00a0\u00bb global_colors_info=\u00a0\u00bb{}\u00a0\u00bb][et_pb_text _builder_version=\u00a0\u00bb4.21.0&Prime; _module_preset=\u00a0\u00bb456af787-5364-42c7-b9e0-80f1903b78d0&Prime; text_font=\u00a0\u00bbPoppins||||||||\u00a0\u00bb hover_enabled=\u00a0\u00bb0&Prime; locked=\u00a0\u00bboff\u00a0\u00bb global_colors_info=\u00a0\u00bb{}\u00a0\u00bb sticky_enabled=\u00a0\u00bb0&Prime;]<\/p>\n<blockquote>\n<p><span style=\"font-size: 16px;\">\u00a0L\u2019association a \u00e9t\u00e9 dirig\u00e9e pendant quelques ann\u00e9es par <strong>Mme Rivka<\/strong> <strong>Avihail<\/strong>, puis longtemps par le <strong>Dr Isra\u00ebl Lichtenstein<\/strong> second\u00e9 par <strong>Mme Marianne Picard<\/strong>. De 2009 \u00e0 2023, <strong>Shlomo Balsam<\/strong> a repris les rennes de l\u2019association, avant de c\u00e9der sa place en 2023 \u00e0 <strong>Odile Namia-Cohen<\/strong>. <strong>Shlomo Balsam<\/strong> est depuis Pr\u00e9sident d\u2019Honneur d\u2019Aloumim. En septembre 2024, un nouveau comit\u00e9 a \u00e9t\u00e9 mis en place.<\/span><\/p>\n<p><span style=\"font-size: 16px;\"><\/span><\/p>\n<p>&nbsp;<\/p>\n<h3><strong>Comit\u00e9 Aloumim 2024\/2025 :<\/strong><\/h3>\n<p>&nbsp;<\/p>\n<p><em>Aline Deutscher \u2013 <\/em><strong>Pr\u00e9sidente<\/strong><\/p>\n<p><em>Shlomo Balsam &#8211;<\/em><strong> Pr\u00e9sident d&rsquo;honneur<\/strong><\/p>\n<p><em>Sonia Haouzi \u2013 <\/em><strong>Secr\u00e9taire g\u00e9n\u00e9rale<\/strong><\/p>\n<p>&nbsp;<\/p>\n<p><em>Jacques Assouline, Berthe Badehi, Agnes Bajer, Ren\u00e9e Blonder, Monique Brudaz<\/em><br \/><em>Barer, Ghislaine Dudkiewicz Spitzer, Martine Hassan, Gaby Hochman, Suzy Sprecher<\/em><\/p>\n<p><em>\u2013 <\/em><strong>M<\/strong><strong>embres<\/strong><\/p>\n<\/blockquote>\n<p>[\/et_pb_text][\/et_pb_column][\/et_pb_row][\/et_pb_section]<\/p>\n","protected":false},"excerpt":{"rendered":"<p>\u00c0 PROPOS DE NOUSCr\u00e9\u00e9e en 1993 par Rivka Avihail, l&rsquo;association Aloumim regroupe en Isra\u00ebl les enfants cach\u00e9s en France pendant la Shoah. La grande majorit\u00e9 d&rsquo;entre eux ont perdu leurs parents, assassin\u00e9s dans les camps de la mort nazis. D&rsquo;apr\u00e8s les statuts de l&rsquo;Association, les Enfants cach\u00e9s sont des personnes n\u00e9es entre 1924 et juillet [&hellip;]<\/p>\n","protected":false},"author":1,"featured_media":0,"parent":0,"menu_order":0,"comment_status":"closed","ping_status":"closed","template":"","meta":{"_et_pb_use_builder":"on","_et_pb_old_content":"","_et_gb_content_width":"","om_disable_all_campaigns":false,"_monsterinsights_skip_tracking":false,"_monsterinsights_sitenote_active":false,"_monsterinsights_sitenote_note":"","_monsterinsights_sitenote_category":0,"footnotes":""},"class_list":["post-369","page","type-page","status-publish","hentry"],"yoast_head":"<!-- This site is optimized with the Yoast SEO plugin v20.13 - https:\/\/yoast.com\/wordpress\/plugins\/seo\/ -->\n<title>Qui sommes nous ? - aloumim.com<\/title>\n<meta name=\"robots\" content=\"index, follow, max-snippet:-1, max-image-preview:large, max-video-preview:-1\" \/>\n<link rel=\"canonical\" href=\"https:\/\/aloumim.com\/index.php\/qui-sommes-nous\/\" \/>\n<meta property=\"og:locale\" content=\"fr_FR\" \/>\n<meta property=\"og:type\" content=\"article\" \/>\n<meta property=\"og:title\" content=\"Qui sommes nous ? - aloumim.com\" \/>\n<meta property=\"og:description\" content=\"\u00c0 PROPOS DE NOUSCr\u00e9\u00e9e en 1993 par Rivka Avihail, l&#039;association Aloumim regroupe en Isra\u00ebl les enfants cach\u00e9s en France pendant la Shoah. La grande majorit\u00e9 d&#039;entre eux ont perdu leurs parents, assassin\u00e9s dans les camps de la mort nazis. D&#039;apr\u00e8s les statuts de l&#039;Association, les Enfants cach\u00e9s sont des personnes n\u00e9es entre 1924 et juillet [&hellip;]\" \/>\n<meta property=\"og:url\" content=\"https:\/\/aloumim.com\/index.php\/qui-sommes-nous\/\" \/>\n<meta property=\"og:site_name\" content=\"aloumim.com\" \/>\n<meta property=\"article:modified_time\" content=\"2025-12-09T15:49:21+00:00\" \/>\n<meta name=\"twitter:card\" content=\"summary_large_image\" \/>\n<meta name=\"twitter:label1\" content=\"Dur\u00e9e de lecture estim\u00e9e\" \/>\n\t<meta name=\"twitter:data1\" content=\"8 minutes\" \/>\n<script type=\"application\/ld+json\" class=\"yoast-schema-graph\">{\"@context\":\"https:\/\/schema.org\",\"@graph\":[{\"@type\":\"WebPage\",\"@id\":\"https:\/\/aloumim.com\/index.php\/qui-sommes-nous\/\",\"url\":\"https:\/\/aloumim.com\/index.php\/qui-sommes-nous\/\",\"name\":\"Qui sommes nous ? - aloumim.com\",\"isPartOf\":{\"@id\":\"https:\/\/aloumim.com\/#website\"},\"datePublished\":\"2023-08-07T06:14:08+00:00\",\"dateModified\":\"2025-12-09T15:49:21+00:00\",\"breadcrumb\":{\"@id\":\"https:\/\/aloumim.com\/index.php\/qui-sommes-nous\/#breadcrumb\"},\"inLanguage\":\"fr-FR\",\"potentialAction\":[{\"@type\":\"ReadAction\",\"target\":[\"https:\/\/aloumim.com\/index.php\/qui-sommes-nous\/\"]}]},{\"@type\":\"BreadcrumbList\",\"@id\":\"https:\/\/aloumim.com\/index.php\/qui-sommes-nous\/#breadcrumb\",\"itemListElement\":[{\"@type\":\"ListItem\",\"position\":1,\"name\":\"Accueil\",\"item\":\"https:\/\/aloumim.com\/\"},{\"@type\":\"ListItem\",\"position\":2,\"name\":\"Qui sommes nous ?\"}]},{\"@type\":\"WebSite\",\"@id\":\"https:\/\/aloumim.com\/#website\",\"url\":\"https:\/\/aloumim.com\/\",\"name\":\"aloumim.com\",\"description\":\"\",\"publisher\":{\"@id\":\"https:\/\/aloumim.com\/#organization\"},\"potentialAction\":[{\"@type\":\"SearchAction\",\"target\":{\"@type\":\"EntryPoint\",\"urlTemplate\":\"https:\/\/aloumim.com\/?s={search_term_string}\"},\"query-input\":\"required name=search_term_string\"}],\"inLanguage\":\"fr-FR\"},{\"@type\":\"Organization\",\"@id\":\"https:\/\/aloumim.com\/#organization\",\"name\":\"aloumim.com\",\"url\":\"https:\/\/aloumim.com\/\",\"logo\":{\"@type\":\"ImageObject\",\"inLanguage\":\"fr-FR\",\"@id\":\"https:\/\/aloumim.com\/#\/schema\/logo\/image\/\",\"url\":\"https:\/\/aloumim.com\/wp-content\/uploads\/2023\/08\/Group-38-1.png\",\"contentUrl\":\"https:\/\/aloumim.com\/wp-content\/uploads\/2023\/08\/Group-38-1.png\",\"width\":3756,\"height\":565,\"caption\":\"aloumim.com\"},\"image\":{\"@id\":\"https:\/\/aloumim.com\/#\/schema\/logo\/image\/\"}}]}<\/script>\n<!-- \/ Yoast SEO plugin. -->","yoast_head_json":{"title":"Qui sommes nous ? - aloumim.com","robots":{"index":"index","follow":"follow","max-snippet":"max-snippet:-1","max-image-preview":"max-image-preview:large","max-video-preview":"max-video-preview:-1"},"canonical":"https:\/\/aloumim.com\/index.php\/qui-sommes-nous\/","og_locale":"fr_FR","og_type":"article","og_title":"Qui sommes nous ? - aloumim.com","og_description":"\u00c0 PROPOS DE NOUSCr\u00e9\u00e9e en 1993 par Rivka Avihail, l'association Aloumim regroupe en Isra\u00ebl les enfants cach\u00e9s en France pendant la Shoah. La grande majorit\u00e9 d'entre eux ont perdu leurs parents, assassin\u00e9s dans les camps de la mort nazis. D'apr\u00e8s les statuts de l'Association, les Enfants cach\u00e9s sont des personnes n\u00e9es entre 1924 et juillet [&hellip;]","og_url":"https:\/\/aloumim.com\/index.php\/qui-sommes-nous\/","og_site_name":"aloumim.com","article_modified_time":"2025-12-09T15:49:21+00:00","twitter_card":"summary_large_image","twitter_misc":{"Dur\u00e9e de lecture estim\u00e9e":"8 minutes"},"schema":{"@context":"https:\/\/schema.org","@graph":[{"@type":"WebPage","@id":"https:\/\/aloumim.com\/index.php\/qui-sommes-nous\/","url":"https:\/\/aloumim.com\/index.php\/qui-sommes-nous\/","name":"Qui sommes nous ? - aloumim.com","isPartOf":{"@id":"https:\/\/aloumim.com\/#website"},"datePublished":"2023-08-07T06:14:08+00:00","dateModified":"2025-12-09T15:49:21+00:00","breadcrumb":{"@id":"https:\/\/aloumim.com\/index.php\/qui-sommes-nous\/#breadcrumb"},"inLanguage":"fr-FR","potentialAction":[{"@type":"ReadAction","target":["https:\/\/aloumim.com\/index.php\/qui-sommes-nous\/"]}]},{"@type":"BreadcrumbList","@id":"https:\/\/aloumim.com\/index.php\/qui-sommes-nous\/#breadcrumb","itemListElement":[{"@type":"ListItem","position":1,"name":"Accueil","item":"https:\/\/aloumim.com\/"},{"@type":"ListItem","position":2,"name":"Qui sommes nous ?"}]},{"@type":"WebSite","@id":"https:\/\/aloumim.com\/#website","url":"https:\/\/aloumim.com\/","name":"aloumim.com","description":"","publisher":{"@id":"https:\/\/aloumim.com\/#organization"},"potentialAction":[{"@type":"SearchAction","target":{"@type":"EntryPoint","urlTemplate":"https:\/\/aloumim.com\/?s={search_term_string}"},"query-input":"required name=search_term_string"}],"inLanguage":"fr-FR"},{"@type":"Organization","@id":"https:\/\/aloumim.com\/#organization","name":"aloumim.com","url":"https:\/\/aloumim.com\/","logo":{"@type":"ImageObject","inLanguage":"fr-FR","@id":"https:\/\/aloumim.com\/#\/schema\/logo\/image\/","url":"https:\/\/aloumim.com\/wp-content\/uploads\/2023\/08\/Group-38-1.png","contentUrl":"https:\/\/aloumim.com\/wp-content\/uploads\/2023\/08\/Group-38-1.png","width":3756,"height":565,"caption":"aloumim.com"},"image":{"@id":"https:\/\/aloumim.com\/#\/schema\/logo\/image\/"}}]}},"_links":{"self":[{"href":"https:\/\/aloumim.com\/index.php\/wp-json\/wp\/v2\/pages\/369","targetHints":{"allow":["GET"]}}],"collection":[{"href":"https:\/\/aloumim.com\/index.php\/wp-json\/wp\/v2\/pages"}],"about":[{"href":"https:\/\/aloumim.com\/index.php\/wp-json\/wp\/v2\/types\/page"}],"author":[{"embeddable":true,"href":"https:\/\/aloumim.com\/index.php\/wp-json\/wp\/v2\/users\/1"}],"replies":[{"embeddable":true,"href":"https:\/\/aloumim.com\/index.php\/wp-json\/wp\/v2\/comments?post=369"}],"version-history":[{"count":14,"href":"https:\/\/aloumim.com\/index.php\/wp-json\/wp\/v2\/pages\/369\/revisions"}],"predecessor-version":[{"id":1193,"href":"https:\/\/aloumim.com\/index.php\/wp-json\/wp\/v2\/pages\/369\/revisions\/1193"}],"wp:attachment":[{"href":"https:\/\/aloumim.com\/index.php\/wp-json\/wp\/v2\/media?parent=369"}],"curies":[{"name":"wp","href":"https:\/\/api.w.org\/{rel}","templated":true}]}}